{"id":2901,"date":"2017-06-09T07:02:46","date_gmt":"2017-06-09T07:02:46","guid":{"rendered":"http:\/\/localhost\/naix\/?page_id=2901"},"modified":"2025-01-24T14:27:55","modified_gmt":"2025-01-24T14:27:55","slug":"home-full-screen-text","status":"publish","type":"page","link":"https:\/\/quanexperiencias.com\/home\/","title":{"rendered":"Home"},"content":{"rendered":"<div class=\"wpb-content-wrapper\"><p>[vc_row full_width=&#8221;stretch_row_content_no_spaces&#8221;][vc_column][vc_wp_text]<\/p>\n<div style=\"position: relative; padding-bottom: 56.25%; height: auto; overflow: hidden; max-width: 100%;\"><video style=\"position: absolute; top: 0; left: 0; width: 100%; height: 100%;\" src=\"http:\/\/quanexperiencias.com\/home\/wp-content\/uploads\/2024\/10\/Multimedia2-1.mp4\" autoplay=\"autoplay\" loop=\"loop\" muted=\"\" controls=\"controls\" width=\"300\" height=\"150\"><\/video><\/div>\n<p>[\/vc_wp_text]<div class=\"naix-empty-space \"><div class=\"nx_empty_space_lg\"  style=\"height: 10px\"><\/div><div class=\"nx_empty_space_md\"  style=\"height: 10px\"><\/div><div class=\"nx_empty_space_xs\"  style=\"height: 40px\"><\/div><\/div><div class=\"naix-section-title  style-3\"> <div class=\"desc\" ><p>Llevamos tu experiencia <span class=\"primary-color\">a otro nivel<\/span>.<br \/>\nS\u00e9 parte del <span class=\"primary-color\">cambio<\/span><\/p>\n<\/div><\/div><div class=\"naix-empty-space \"><div class=\"nx_empty_space_lg\"  style=\"height: 75px\"><\/div><div class=\"nx_empty_space_md\"  style=\"height: 75px\"><\/div><div class=\"nx_empty_space_xs\"  style=\"height: 40px\"><\/div><\/div>[\/vc_column][\/vc_row][vc_row full_width=&#8221;stretch_row_content_no_spaces&#8221;][vc_column][vc_images_carousel images=&#8221;4374,4373,4372,4371,4370,4369,4368,4357&#8243; img_size=&#8221;full&#8221; onclick=&#8221;link_no&#8221; speed=&#8221;1200&#8243; autoplay=&#8221;yes&#8221; hide_pagination_control=&#8221;yes&#8221; hide_prev_next_buttons=&#8221;yes&#8221; wrap=&#8221;yes&#8221; css=&#8221;&#8221;]<div class=\"naix-empty-space \"><div class=\"nx_empty_space_lg\"  style=\"height: 75px\"><\/div><div class=\"nx_empty_space_md\"  style=\"height: 75px\"><\/div><div class=\"nx_empty_space_xs\"  style=\"height: 40px\"><\/div><\/div><div class=\"naix-section-text-effect \"><h2 class=\"desc\" >Somos <span class=\"source-text\" id=\"text-effect-69e1be99a8012\"><\/span><span class=\"console-cursor\">|<\/span><\/h2><\/div><div class=\"naix-empty-space \"><div class=\"nx_empty_space_lg\"  style=\"height: 75px\"><\/div><div class=\"nx_empty_space_md\"  style=\"height: 75px\"><\/div><div class=\"nx_empty_space_xs\"  style=\"height: 40px\"><\/div><\/div>[\/vc_column][\/vc_row][vc_row][vc_column css_animation=&#8221;bounceInLeft&#8221; width=&#8221;1\/2&#8243;][vc_column_text css_animation=&#8221;fadeInRight&#8221; css=&#8221;&#8221;]<\/p>\n<h4 style=\"text-align: right;\">Transformamos eventos y viajes de incentivo en experiencias \u00fanicas que inspiran y motivan. Con m\u00e1s de 14 a\u00f1os de trayectoria, combinamos alcance global y conocimiento local desde nuestras oficinas en Buenos Aires y representaci\u00f3n en Madrid.<\/h4>\n<p>[\/vc_column_text]<div class=\"naix-empty-space \"><div class=\"nx_empty_space_lg\"  style=\"height: 75px\"><\/div><div class=\"nx_empty_space_md\"  style=\"height: 75px\"><\/div><div class=\"nx_empty_space_xs\"  style=\"height: 40px\"><\/div><\/div>[\/vc_column][vc_column width=&#8221;1\/2&#8243;][vc_column_text css_animation=&#8221;bounceInRight&#8221; css=&#8221;&#8221;]<\/p>\n<h4 style=\"text-align: left;\"><strong>Somos agentes oficiales de MotoGP y WSBK en Argentina, expertos en eventos corporativos de alto impacto.<\/strong><\/h4>\n<h4 style=\"text-align: left;\"><strong>Descubr\u00ed c\u00f3mo podemos potenciar tu pr\u00f3xima experiencia.<\/strong><\/h4>\n<p>[\/vc_column_text]<div class=\"naix-empty-space \"><div class=\"nx_empty_space_lg\"  style=\"height: 75px\"><\/div><div class=\"nx_empty_space_md\"  style=\"height: 75px\"><\/div><div class=\"nx_empty_space_xs\"  style=\"height: 40px\"><\/div><\/div>[\/vc_column][\/vc_row][vc_row full_width=&#8221;stretch_row_content_no_spaces&#8221; gap=&#8221;35&#8243;][vc_column css_animation=&#8221;fadeInLeft&#8221; width=&#8221;1\/3&#8243;][vc_column_text css_animation=&#8221;none&#8221; css=&#8221;.vc_custom_1737576820263{background-image: url(http:\/\/quanexperiencias.com\/home\/wp-content\/uploads\/2025\/01\/Tool-Kit-Quan-2-24-2.jpg?id=4512) !important;background-position: center !important;background-repeat: no-repeat !important;background-size: contain !important;}&#8221;]<a href=\"http:\/\/quanexperiencias.com\/home\/somosquan\/\"><img loading=\"lazy\" decoding=\"async\" class=\"aligncenter wp-image-4496 size-large\" src=\"http:\/\/quanexperiencias.com\/home\/wp-content\/uploads\/2025\/01\/ada-24-1024x576.png\" alt=\"\" width=\"840\" height=\"473\" srcset=\"https:\/\/quanexperiencias.com\/home\/wp-content\/uploads\/2025\/01\/ada-24-1024x576.png 1024w, https:\/\/quanexperiencias.com\/home\/wp-content\/uploads\/2025\/01\/ada-24-300x169.png 300w, https:\/\/quanexperiencias.com\/home\/wp-content\/uploads\/2025\/01\/ada-24-768x432.png 768w, https:\/\/quanexperiencias.com\/home\/wp-content\/uploads\/2025\/01\/ada-24-480x270.png 480w, https:\/\/quanexperiencias.com\/home\/wp-content\/uploads\/2025\/01\/ada-24-330x186.png 330w, https:\/\/quanexperiencias.com\/home\/wp-content\/uploads\/2025\/01\/ada-24.png 1159w\" sizes=\"auto, (max-width: 840px) 100vw, 840px\" \/><\/a>[\/vc_column_text][\/vc_column][vc_column width=&#8221;1\/3&#8243;][vc_column_text css_animation=&#8221;fadeInUp&#8221; css=&#8221;.vc_custom_1737576828235{background-image: url(http:\/\/quanexperiencias.com\/home\/wp-content\/uploads\/2025\/01\/Tool-Kit-Quan-2-25-1.jpg?id=4513) !important;background-position: center !important;background-repeat: no-repeat !important;background-size: cover !important;}&#8221;]<a href=\"http:\/\/quanexperiencias.com\/home\/somosquan\/\"><img loading=\"lazy\" decoding=\"async\" class=\"aligncenter wp-image-4501 size-large\" src=\"http:\/\/quanexperiencias.com\/home\/wp-content\/uploads\/2025\/01\/ada-25-1024x576.png\" alt=\"\" width=\"840\" height=\"473\" srcset=\"https:\/\/quanexperiencias.com\/home\/wp-content\/uploads\/2025\/01\/ada-25-1024x576.png 1024w, https:\/\/quanexperiencias.com\/home\/wp-content\/uploads\/2025\/01\/ada-25-300x169.png 300w, https:\/\/quanexperiencias.com\/home\/wp-content\/uploads\/2025\/01\/ada-25-768x432.png 768w, https:\/\/quanexperiencias.com\/home\/wp-content\/uploads\/2025\/01\/ada-25-480x270.png 480w, https:\/\/quanexperiencias.com\/home\/wp-content\/uploads\/2025\/01\/ada-25-330x186.png 330w, https:\/\/quanexperiencias.com\/home\/wp-content\/uploads\/2025\/01\/ada-25.png 1159w\" sizes=\"auto, (max-width: 840px) 100vw, 840px\" \/><\/a>[\/vc_column_text][\/vc_column][vc_column width=&#8221;1\/3&#8243;][vc_column_text css_animation=&#8221;fadeInRightBig&#8221; css=&#8221;.vc_custom_1737576840873{background-image: url(http:\/\/quanexperiencias.com\/home\/wp-content\/uploads\/2025\/01\/Tool-Kit-Quan-2-26-1.jpg?id=4514) !important;}&#8221;]<a href=\"http:\/\/quanexperiencias.com\/home\/somosquan\/\"><img loading=\"lazy\" decoding=\"async\" class=\"aligncenter wp-image-4502 size-large\" src=\"http:\/\/quanexperiencias.com\/home\/wp-content\/uploads\/2025\/01\/ada-26-1024x576.png\" alt=\"\" width=\"840\" height=\"473\" srcset=\"https:\/\/quanexperiencias.com\/home\/wp-content\/uploads\/2025\/01\/ada-26-1024x576.png 1024w, https:\/\/quanexperiencias.com\/home\/wp-content\/uploads\/2025\/01\/ada-26-300x169.png 300w, https:\/\/quanexperiencias.com\/home\/wp-content\/uploads\/2025\/01\/ada-26-768x432.png 768w, https:\/\/quanexperiencias.com\/home\/wp-content\/uploads\/2025\/01\/ada-26-480x270.png 480w, https:\/\/quanexperiencias.com\/home\/wp-content\/uploads\/2025\/01\/ada-26-330x186.png 330w, https:\/\/quanexperiencias.com\/home\/wp-content\/uploads\/2025\/01\/ada-26.png 1159w\" sizes=\"auto, (max-width: 840px) 100vw, 840px\" \/><\/a>[\/vc_column_text][\/vc_column][\/vc_row][vc_row][vc_column]<div class=\"naix-empty-space \"><div class=\"nx_empty_space_lg\"  style=\"height: 75px\"><\/div><div class=\"nx_empty_space_md\"  style=\"height: 75px\"><\/div><div class=\"nx_empty_space_xs\"  style=\"height: 40px\"><\/div><\/div><div class=\"naix-section-title  style-2 text- \"><h2 class=\"title\">AGENCIA OFICIAL EN ARGENTINA<\/h2> <\/div>[vc_single_image image=&#8221;4405&#8243; img_size=&#8221;full&#8221; alignment=&#8221;center&#8221; onclick=&#8221;zoom&#8221; css_animation=&#8221;fadeInUp&#8221; css=&#8221;&#8221;]<div class=\"naix-section-title  style-2 text- \"><h2 class=\"title\">CONF\u00cdAN EN NOSOTROS<\/h2> <\/div><div class=\"naix-empty-space \"><div class=\"nx_empty_space_lg\"  style=\"height: 75px\"><\/div><div class=\"nx_empty_space_md\"  style=\"height: 75px\"><\/div><div class=\"nx_empty_space_xs\"  style=\"height: 40px\"><\/div><\/div>[vc_single_image image=&#8221;4421&#8243; img_size=&#8221;full&#8221; alignment=&#8221;center&#8221; onclick=&#8221;zoom&#8221; css=&#8221;&#8221;][\/vc_column][\/vc_row]<\/p>\n<\/div>","protected":false},"excerpt":{"rendered":"<p>[vc_row full_width=&#8221;stretch_row_content_no_spaces&#8221;][vc_column][vc_wp_text] [\/vc_wp_text][\/vc_column][\/vc_row][vc_row full_width=&#8221;stretch_row_content_no_spaces&#8221;][vc_column][vc_images_carousel images=&#8221;4374,4373,4372,4371,4370,4369,4368,4357&#8243; img_size=&#8221;full&#8221; onclick=&#8221;link_no&#8221; speed=&#8221;1200&#8243; autoplay=&#8221;yes&#8221; hide_pagination_control=&#8221;yes&#8221; hide_prev_next_buttons=&#8221;yes&#8221; wrap=&#8221;yes&#8221; css=&#8221;&#8221;][\/vc_column][\/vc_row][vc_row][vc_column css_animation=&#8221;bounceInLeft&#8221; width=&#8221;1\/2&#8243;][vc_column_text css_animation=&#8221;fadeInRight&#8221; css=&#8221;&#8221;] Transformamos eventos y viajes de incentivo en experiencias \u00fanicas que inspiran y motivan. Con m\u00e1s de 14 a\u00f1os de trayectoria, combinamos alcance global y conocimiento local desde nuestras oficinas en Buenos Aires y representaci\u00f3n en Madrid. [\/vc_column_text][\/vc_column][vc_column width=&#8221;1\/2&#8243;][vc_column_text&hellip;<\/p>\n","protected":false},"author":1,"featured_media":0,"parent":0,"menu_order":0,"comment_status":"closed","ping_status":"closed","template":"template-homepage.php","meta":{"_joinchat":[],"footnotes":""},"class_list":["post-2901","page","type-page","status-publish","hentry"],"_links":{"self":[{"href":"https:\/\/quanexperiencias.com\/home\/wp-json\/wp\/v2\/pages\/2901","targetHints":{"allow":["GET"]}}],"collection":[{"href":"https:\/\/quanexperiencias.com\/home\/wp-json\/wp\/v2\/pages"}],"about":[{"href":"https:\/\/quanexperiencias.com\/home\/wp-json\/wp\/v2\/types\/page"}],"author":[{"embeddable":true,"href":"https:\/\/quanexperiencias.com\/home\/wp-json\/wp\/v2\/users\/1"}],"replies":[{"embeddable":true,"href":"https:\/\/quanexperiencias.com\/home\/wp-json\/wp\/v2\/comments?post=2901"}],"version-history":[{"count":110,"href":"https:\/\/quanexperiencias.com\/home\/wp-json\/wp\/v2\/pages\/2901\/revisions"}],"predecessor-version":[{"id":4691,"href":"https:\/\/quanexperiencias.com\/home\/wp-json\/wp\/v2\/pages\/2901\/revisions\/4691"}],"wp:attachment":[{"href":"https:\/\/quanexperiencias.com\/home\/wp-json\/wp\/v2\/media?parent=2901"}],"curies":[{"name":"wp","href":"https:\/\/api.w.org\/{rel}","templated":true}]}}